{"id":203,"date":"2024-03-17T16:33:47","date_gmt":"2024-03-17T16:33:47","guid":{"rendered":"https:\/\/mixsaldos.com\/?post_type=product&#038;p=203"},"modified":"2025-02-04T17:53:37","modified_gmt":"2025-02-04T17:53:37","slug":"chaveiro-led","status":"publish","type":"product","link":"https:\/\/mixsaldos.com\/index.php\/produto\/chaveiro-led\/","title":{"rendered":"Chaveiro Led"},"content":{"rendered":"<h5>Produto feito de liga de alum\u00ednio, que \u00e9 antiderrapante, resistente ao desgaste e antioxidante.<br \/>\nLampadas em Led COB alto brilho e longa vida \u00fatil.<br \/>\nBateria embutida de grande capacidade, com m\u00e9todo de carregamento USB tipo C.<br \/>\nO Produto tem uma variedade de recursos para utiliza\u00e7\u00e3o, al\u00e9m de ser uma super mini lanterna para emerg\u00eancias em camping, manuten\u00e7\u00f5es de autom\u00f3vel, esportes ao ar livre, entre outros.<br \/>\nGancho do chaveiro \u00e9 do tipo mosquet\u00e3o, possui im\u00e3 na parte de tr\u00e1s, tamb\u00e9m possui abridor de garrafa.<\/h5>\n<h5>Tr\u00eas tipos de Luz, alto brilho intenso, baixa intensidade e strobo SOS.<\/h5>\n<h2><\/h2>\n<p><strong>Medidas:<\/strong>\u00a06 x 4,5 x 2cm<br \/>\n<strong>Material:<\/strong>\u00a0Lica de alum\u00ednio<\/p>\n<p>&nbsp;<\/p>\n<p><strong>Conte\u00fado da embalagem:<\/strong><br \/>\n01 Mini Lanterna Chaveiro Mosquet\u00e3o Recarreg\u00e1vel<br \/>\n01 Cabo carregador USB Tipo-C<\/p>\n<p>&nbsp;<\/p>\n<div class=\"codigo-produto\"><\/div>\n","protected":false},"excerpt":{"rendered":"<h1><strong>Mini Lanterna Chaveiro Mosquet\u00e3o Recarreg\u00e1vel com Im\u00e3.<\/strong><\/h1>\n<p>&nbsp;<\/p>\n<h4><strong>Est\u00e1 cansado de se sentir perdido na escurid\u00e3o? Apresentamos o Chaveiro de LED multifuncional &#8211; sua solu\u00e7\u00e3o para situa\u00e7\u00f5es de emerg\u00eancia na estrada e em casa! Com um poderoso feixe de luz, este chaveiro n\u00e3o s\u00f3 ilumina o seu caminho durante quedas de energia ou na estrada, mas tamb\u00e9m serve como um pr\u00e1tico abridor de garrafas. Compacto, \u00e0 prova d&#8217;\u00e1gua e resistente, \u00e9 o companheiro perfeito para suas aventuras noturnas ou para iluminar sua casa quando a luz falha. N\u00e3o deixe que a escurid\u00e3o atrapalhe o seu caminho &#8211; mantenha-se seguro e preparado com o nosso chaveiro de LED!<\/strong><\/h4>\n<p>&nbsp;<\/p>\n<p>\ud83c\udfe0 Ideal para uso dom\u00e9stico<br \/>\n\ud83d\ude97 Perfeito para emerg\u00eancias na estrada<br \/>\n\ud83c\udf81 Excelente presente para amigos e familiares<\/p>\n<p>Garanta j\u00e1 o seu!<\/p>\n<p>&nbsp;<\/p>\n[video width=\"360\" height=\"480\" mp4=\"https:\/\/mixsaldos.com\/wp-content\/uploads\/2024\/03\/WhatsApp-Video-2024-03-17-at-4.30.40-PM.mp4\"][\/video]\n","protected":false},"featured_media":206,"comment_status":"open","ping_status":"closed","template":"","meta":{"site-sidebar-layout":"default","site-content-layout":"","ast-site-content-layout":"default","site-content-style":"default","site-sidebar-style":"default","ast-global-header-display":"","ast-banner-title-visibility":"","ast-main-header-display":"","ast-hfb-above-header-display":"","ast-hfb-below-header-display":"","ast-hfb-mobile-header-display":"","site-post-title":"","ast-breadcrumbs-content":"","ast-featured-img":"","footer-sml-layout":"","theme-transparent-header-meta":"default","adv-header-id-meta":"","stick-header-meta":"","header-above-stick-meta":"","header-main-stick-meta":"","header-below-stick-meta":"","astra-migrate-meta-layouts":"set","ast-page-background-enabled":"default","ast-page-background-meta":{"desktop":{"background-color":"var(--ast-global-color-4)","background-image":"","background-repeat":"repeat","background-position":"center center","background-size":"auto","background-attachment":"scroll","background-type":"","background-media":"","overlay-type":"","overlay-color":"","overlay-gradient":""},"tablet":{"background-color":"","background-image":"","background-repeat":"repeat","background-position":"center center","background-size":"auto","background-attachment":"scroll","background-type":"","background-media":"","overlay-type":"","overlay-color":"","overlay-gradient":""},"mobile":{"background-color":"","background-image":"","background-repeat":"repeat","background-position":"center center","background-size":"auto","background-attachment":"scroll","background-type":"","background-media":"","overlay-type":"","overlay-color":"","overlay-gradient":""}},"ast-content-background-meta":{"desktop":{"background-color":"var(--ast-global-color-5)","background-image":"","background-repeat":"repeat","background-position":"center center","background-size":"auto","background-attachment":"scroll","background-type":"","background-media":"","overlay-type":"","overlay-color":"","overlay-gradient":""},"tablet":{"background-color":"var(--ast-global-color-5)","background-image":"","background-repeat":"repeat","background-position":"center center","background-size":"auto","background-attachment":"scroll","background-type":"","background-media":"","overlay-type":"","overlay-color":"","overlay-gradient":""},"mobile":{"background-color":"var(--ast-global-color-5)","background-image":"","background-repeat":"repeat","background-position":"center center","background-size":"auto","background-attachment":"scroll","background-type":"","background-media":"","overlay-type":"","overlay-color":"","overlay-gradient":""}}},"product_brand":[],"product_cat":[16,17],"product_tag":[],"class_list":{"0":"post-203","1":"product","2":"type-product","3":"status-publish","4":"has-post-thumbnail","6":"product_cat-aventura","7":"product_cat-para-sua-casa","8":"desktop-align-left","9":"tablet-align-left","10":"mobile-align-left","12":"first","13":"instock","14":"sale","15":"taxable","16":"shipping-taxable","17":"purchasable","18":"product-type-simple"},"jetpack_sharing_enabled":true,"_links":{"self":[{"href":"https:\/\/mixsaldos.com\/index.php\/wp-json\/wp\/v2\/product\/203"}],"collection":[{"href":"https:\/\/mixsaldos.com\/index.php\/wp-json\/wp\/v2\/product"}],"about":[{"href":"https:\/\/mixsaldos.com\/index.php\/wp-json\/wp\/v2\/types\/product"}],"replies":[{"embeddable":true,"href":"https:\/\/mixsaldos.com\/index.php\/wp-json\/wp\/v2\/comments?post=203"}],"wp:featuredmedia":[{"embeddable":true,"href":"https:\/\/mixsaldos.com\/index.php\/wp-json\/wp\/v2\/media\/206"}],"wp:attachment":[{"href":"https:\/\/mixsaldos.com\/index.php\/wp-json\/wp\/v2\/media?parent=203"}],"wp:term":[{"taxonomy":"product_brand","embeddable":true,"href":"https:\/\/mixsaldos.com\/index.php\/wp-json\/wp\/v2\/product_brand?post=203"},{"taxonomy":"product_cat","embeddable":true,"href":"https:\/\/mixsaldos.com\/index.php\/wp-json\/wp\/v2\/product_cat?post=203"},{"taxonomy":"product_tag","embeddable":true,"href":"https:\/\/mixsaldos.com\/index.php\/wp-json\/wp\/v2\/product_tag?post=203"}],"curies":[{"name":"wp","href":"https:\/\/api.w.org\/{rel}","templated":true}]}}