{"id":1127,"date":"2024-10-29T10:54:23","date_gmt":"2024-10-29T10:54:23","guid":{"rendered":"https:\/\/mixsaldos.com\/?post_type=product&#038;p=1127"},"modified":"2024-10-29T11:07:07","modified_gmt":"2024-10-29T11:07:07","slug":"capa-para-xiaomi-redmi-14c","status":"publish","type":"product","link":"https:\/\/mixsaldos.com\/index.php\/produto\/capa-para-xiaomi-redmi-14c\/","title":{"rendered":"Capa para Xiaomi Redmi 14C"},"content":{"rendered":"<p><img fetchpriority=\"high\" decoding=\"async\" class=\"alignnone wp-image-1140 aligncenter\" src=\"https:\/\/mixsaldos.com\/wp-content\/uploads\/2024\/10\/0-main-translucent-matte-phone-case-for-xiaomi-redmi-14c-4g-camera-protection-hard-back-cover-coques-redmy-14c-14-c-c14-redmi14c-2024-300x300.png\" alt=\"\" width=\"361\" height=\"361\" srcset=\"https:\/\/mixsaldos.com\/wp-content\/uploads\/2024\/10\/0-main-translucent-matte-phone-case-for-xiaomi-redmi-14c-4g-camera-protection-hard-back-cover-coques-redmy-14c-14-c-c14-redmi14c-2024-300x300.png 300w, https:\/\/mixsaldos.com\/wp-content\/uploads\/2024\/10\/0-main-translucent-matte-phone-case-for-xiaomi-redmi-14c-4g-camera-protection-hard-back-cover-coques-redmy-14c-14-c-c14-redmi14c-2024-150x150.png 150w, https:\/\/mixsaldos.com\/wp-content\/uploads\/2024\/10\/0-main-translucent-matte-phone-case-for-xiaomi-redmi-14c-4g-camera-protection-hard-back-cover-coques-redmy-14c-14-c-c14-redmi14c-2024-768x768.png 768w, https:\/\/mixsaldos.com\/wp-content\/uploads\/2024\/10\/0-main-translucent-matte-phone-case-for-xiaomi-redmi-14c-4g-camera-protection-hard-back-cover-coques-redmy-14c-14-c-c14-redmi14c-2024-600x600.png 600w, https:\/\/mixsaldos.com\/wp-content\/uploads\/2024\/10\/0-main-translucent-matte-phone-case-for-xiaomi-redmi-14c-4g-camera-protection-hard-back-cover-coques-redmy-14c-14-c-c14-redmi14c-2024-100x100.png 100w, https:\/\/mixsaldos.com\/wp-content\/uploads\/2024\/10\/0-main-translucent-matte-phone-case-for-xiaomi-redmi-14c-4g-camera-protection-hard-back-cover-coques-redmy-14c-14-c-c14-redmi14c-2024.png 1000w\" sizes=\"(max-width: 361px) 100vw, 361px\" \/><\/p>\n<p><img decoding=\"async\" class=\"alignnone size-medium wp-image-1137\" src=\"https:\/\/mixsaldos.com\/wp-content\/uploads\/2024\/10\/main_9_-300x300.webp\" alt=\"\" width=\"300\" height=\"300\" srcset=\"https:\/\/mixsaldos.com\/wp-content\/uploads\/2024\/10\/main_9_-300x300.webp 300w, https:\/\/mixsaldos.com\/wp-content\/uploads\/2024\/10\/main_9_-150x150.webp 150w, https:\/\/mixsaldos.com\/wp-content\/uploads\/2024\/10\/main_9_-768x768.webp 768w, https:\/\/mixsaldos.com\/wp-content\/uploads\/2024\/10\/main_9_-600x600.webp 600w, https:\/\/mixsaldos.com\/wp-content\/uploads\/2024\/10\/main_9_-100x100.webp 100w, https:\/\/mixsaldos.com\/wp-content\/uploads\/2024\/10\/main_9_.webp 1000w\" sizes=\"(max-width: 300px) 100vw, 300px\" \/><img decoding=\"async\" class=\"alignnone wp-image-1136 size-medium\" src=\"https:\/\/mixsaldos.com\/wp-content\/uploads\/2024\/10\/main_8_-300x300.webp\" alt=\"\" width=\"300\" height=\"300\" srcset=\"https:\/\/mixsaldos.com\/wp-content\/uploads\/2024\/10\/main_8_-300x300.webp 300w, https:\/\/mixsaldos.com\/wp-content\/uploads\/2024\/10\/main_8_-150x150.webp 150w, https:\/\/mixsaldos.com\/wp-content\/uploads\/2024\/10\/main_8_-768x768.webp 768w, https:\/\/mixsaldos.com\/wp-content\/uploads\/2024\/10\/main_8_-600x600.webp 600w, https:\/\/mixsaldos.com\/wp-content\/uploads\/2024\/10\/main_8_-100x100.webp 100w, https:\/\/mixsaldos.com\/wp-content\/uploads\/2024\/10\/main_8_.webp 1000w\" sizes=\"(max-width: 300px) 100vw, 300px\" \/><img loading=\"lazy\" decoding=\"async\" class=\"alignnone size-medium wp-image-1132\" src=\"https:\/\/mixsaldos.com\/wp-content\/uploads\/2024\/10\/main_7_-300x300.webp\" alt=\"\" width=\"300\" height=\"300\" srcset=\"https:\/\/mixsaldos.com\/wp-content\/uploads\/2024\/10\/main_7_-300x300.webp 300w, https:\/\/mixsaldos.com\/wp-content\/uploads\/2024\/10\/main_7_-150x150.webp 150w, https:\/\/mixsaldos.com\/wp-content\/uploads\/2024\/10\/main_7_-768x768.webp 768w, https:\/\/mixsaldos.com\/wp-content\/uploads\/2024\/10\/main_7_-600x600.webp 600w, https:\/\/mixsaldos.com\/wp-content\/uploads\/2024\/10\/main_7_-100x100.webp 100w, https:\/\/mixsaldos.com\/wp-content\/uploads\/2024\/10\/main_7_.webp 1000w\" sizes=\"(max-width: 300px) 100vw, 300px\" \/><img loading=\"lazy\" decoding=\"async\" class=\"alignnone size-medium wp-image-1131\" src=\"https:\/\/mixsaldos.com\/wp-content\/uploads\/2024\/10\/main_6_-1-300x300.webp\" alt=\"\" width=\"300\" height=\"300\" srcset=\"https:\/\/mixsaldos.com\/wp-content\/uploads\/2024\/10\/main_6_-1-300x300.webp 300w, https:\/\/mixsaldos.com\/wp-content\/uploads\/2024\/10\/main_6_-1-150x150.webp 150w, https:\/\/mixsaldos.com\/wp-content\/uploads\/2024\/10\/main_6_-1-768x768.webp 768w, https:\/\/mixsaldos.com\/wp-content\/uploads\/2024\/10\/main_6_-1-600x600.webp 600w, https:\/\/mixsaldos.com\/wp-content\/uploads\/2024\/10\/main_6_-1-100x100.webp 100w, https:\/\/mixsaldos.com\/wp-content\/uploads\/2024\/10\/main_6_-1.webp 1000w\" sizes=\"(max-width: 300px) 100vw, 300px\" \/><img fetchpriority=\"high\" decoding=\"async\" class=\"alignnone wp-image-1140 aligncenter\" src=\"https:\/\/mixsaldos.com\/wp-content\/uploads\/2024\/10\/0-main-translucent-matte-phone-case-for-xiaomi-redmi-14c-4g-camera-protection-hard-back-cover-coques-redmy-14c-14-c-c14-redmi14c-2024-300x300.png\" alt=\"\" width=\"361\" height=\"361\" srcset=\"https:\/\/mixsaldos.com\/wp-content\/uploads\/2024\/10\/0-main-translucent-matte-phone-case-for-xiaomi-redmi-14c-4g-camera-protection-hard-back-cover-coques-redmy-14c-14-c-c14-redmi14c-2024-300x300.png 300w, https:\/\/mixsaldos.com\/wp-content\/uploads\/2024\/10\/0-main-translucent-matte-phone-case-for-xiaomi-redmi-14c-4g-camera-protection-hard-back-cover-coques-redmy-14c-14-c-c14-redmi14c-2024-150x150.png 150w, https:\/\/mixsaldos.com\/wp-content\/uploads\/2024\/10\/0-main-translucent-matte-phone-case-for-xiaomi-redmi-14c-4g-camera-protection-hard-back-cover-coques-redmy-14c-14-c-c14-redmi14c-2024-768x768.png 768w, https:\/\/mixsaldos.com\/wp-content\/uploads\/2024\/10\/0-main-translucent-matte-phone-case-for-xiaomi-redmi-14c-4g-camera-protection-hard-back-cover-coques-redmy-14c-14-c-c14-redmi14c-2024-600x600.png 600w, https:\/\/mixsaldos.com\/wp-content\/uploads\/2024\/10\/0-main-translucent-matte-phone-case-for-xiaomi-redmi-14c-4g-camera-protection-hard-back-cover-coques-redmy-14c-14-c-c14-redmi14c-2024-100x100.png 100w, https:\/\/mixsaldos.com\/wp-content\/uploads\/2024\/10\/0-main-translucent-matte-phone-case-for-xiaomi-redmi-14c-4g-camera-protection-hard-back-cover-coques-redmy-14c-14-c-c14-redmi14c-2024.png 1000w\" sizes=\"(max-width: 361px) 100vw, 361px\" \/><\/p>\n<p><img loading=\"lazy\" decoding=\"async\" class=\" wp-image-1144 aligncenter\" src=\"https:\/\/mixsaldos.com\/wp-content\/uploads\/2024\/10\/5-main-translucent-matte-phone-case-for-xiaomi-redmi-14c-4g-camera-protection-hard-back-cover-coques-redmy-14c-14-c-c14-redmi14c-2024-300x300.png\" alt=\"\" width=\"359\" height=\"359\" srcset=\"https:\/\/mixsaldos.com\/wp-content\/uploads\/2024\/10\/5-main-translucent-matte-phone-case-for-xiaomi-redmi-14c-4g-camera-protection-hard-back-cover-coques-redmy-14c-14-c-c14-redmi14c-2024-300x300.png 300w, https:\/\/mixsaldos.com\/wp-content\/uploads\/2024\/10\/5-main-translucent-matte-phone-case-for-xiaomi-redmi-14c-4g-camera-protection-hard-back-cover-coques-redmy-14c-14-c-c14-redmi14c-2024-150x150.png 150w, https:\/\/mixsaldos.com\/wp-content\/uploads\/2024\/10\/5-main-translucent-matte-phone-case-for-xiaomi-redmi-14c-4g-camera-protection-hard-back-cover-coques-redmy-14c-14-c-c14-redmi14c-2024-768x768.png 768w, https:\/\/mixsaldos.com\/wp-content\/uploads\/2024\/10\/5-main-translucent-matte-phone-case-for-xiaomi-redmi-14c-4g-camera-protection-hard-back-cover-coques-redmy-14c-14-c-c14-redmi14c-2024-600x600.png 600w, https:\/\/mixsaldos.com\/wp-content\/uploads\/2024\/10\/5-main-translucent-matte-phone-case-for-xiaomi-redmi-14c-4g-camera-protection-hard-back-cover-coques-redmy-14c-14-c-c14-redmi14c-2024-100x100.png 100w, https:\/\/mixsaldos.com\/wp-content\/uploads\/2024\/10\/5-main-translucent-matte-phone-case-for-xiaomi-redmi-14c-4g-camera-protection-hard-back-cover-coques-redmy-14c-14-c-c14-redmi14c-2024.png 1000w\" sizes=\"(max-width: 359px) 100vw, 359px\" \/><\/p>\n<p><img loading=\"lazy\" decoding=\"async\" class=\" wp-image-1142 aligncenter\" src=\"https:\/\/mixsaldos.com\/wp-content\/uploads\/2024\/10\/3-main-translucent-matte-phone-case-for-xiaomi-redmi-14c-4g-camera-protection-hard-back-cover-coques-redmy-14c-14-c-c14-redmi14c-2024-300x300.png\" alt=\"\" width=\"358\" height=\"358\" srcset=\"https:\/\/mixsaldos.com\/wp-content\/uploads\/2024\/10\/3-main-translucent-matte-phone-case-for-xiaomi-redmi-14c-4g-camera-protection-hard-back-cover-coques-redmy-14c-14-c-c14-redmi14c-2024-300x300.png 300w, https:\/\/mixsaldos.com\/wp-content\/uploads\/2024\/10\/3-main-translucent-matte-phone-case-for-xiaomi-redmi-14c-4g-camera-protection-hard-back-cover-coques-redmy-14c-14-c-c14-redmi14c-2024-150x150.png 150w, https:\/\/mixsaldos.com\/wp-content\/uploads\/2024\/10\/3-main-translucent-matte-phone-case-for-xiaomi-redmi-14c-4g-camera-protection-hard-back-cover-coques-redmy-14c-14-c-c14-redmi14c-2024-768x768.png 768w, https:\/\/mixsaldos.com\/wp-content\/uploads\/2024\/10\/3-main-translucent-matte-phone-case-for-xiaomi-redmi-14c-4g-camera-protection-hard-back-cover-coques-redmy-14c-14-c-c14-redmi14c-2024-600x600.png 600w, https:\/\/mixsaldos.com\/wp-content\/uploads\/2024\/10\/3-main-translucent-matte-phone-case-for-xiaomi-redmi-14c-4g-camera-protection-hard-back-cover-coques-redmy-14c-14-c-c14-redmi14c-2024-100x100.png 100w, https:\/\/mixsaldos.com\/wp-content\/uploads\/2024\/10\/3-main-translucent-matte-phone-case-for-xiaomi-redmi-14c-4g-camera-protection-hard-back-cover-coques-redmy-14c-14-c-c14-redmi14c-2024.png 1000w\" sizes=\"(max-width: 358px) 100vw, 358px\" \/><\/p>\n<p><img loading=\"lazy\" decoding=\"async\" class=\" wp-image-1141 aligncenter\" src=\"https:\/\/mixsaldos.com\/wp-content\/uploads\/2024\/10\/2-main-translucent-matte-phone-case-for-xiaomi-redmi-14c-4g-camera-protection-hard-back-cover-coques-redmy-14c-14-c-c14-redmi14c-2024-300x300.png\" alt=\"\" width=\"359\" height=\"359\" srcset=\"https:\/\/mixsaldos.com\/wp-content\/uploads\/2024\/10\/2-main-translucent-matte-phone-case-for-xiaomi-redmi-14c-4g-camera-protection-hard-back-cover-coques-redmy-14c-14-c-c14-redmi14c-2024-300x300.png 300w, https:\/\/mixsaldos.com\/wp-content\/uploads\/2024\/10\/2-main-translucent-matte-phone-case-for-xiaomi-redmi-14c-4g-camera-protection-hard-back-cover-coques-redmy-14c-14-c-c14-redmi14c-2024-150x150.png 150w, https:\/\/mixsaldos.com\/wp-content\/uploads\/2024\/10\/2-main-translucent-matte-phone-case-for-xiaomi-redmi-14c-4g-camera-protection-hard-back-cover-coques-redmy-14c-14-c-c14-redmi14c-2024-768x768.png 768w, https:\/\/mixsaldos.com\/wp-content\/uploads\/2024\/10\/2-main-translucent-matte-phone-case-for-xiaomi-redmi-14c-4g-camera-protection-hard-back-cover-coques-redmy-14c-14-c-c14-redmi14c-2024-600x600.png 600w, https:\/\/mixsaldos.com\/wp-content\/uploads\/2024\/10\/2-main-translucent-matte-phone-case-for-xiaomi-redmi-14c-4g-camera-protection-hard-back-cover-coques-redmy-14c-14-c-c14-redmi14c-2024-100x100.png 100w, https:\/\/mixsaldos.com\/wp-content\/uploads\/2024\/10\/2-main-translucent-matte-phone-case-for-xiaomi-redmi-14c-4g-camera-protection-hard-back-cover-coques-redmy-14c-14-c-c14-redmi14c-2024.png 1000w\" sizes=\"(max-width: 359px) 100vw, 359px\" \/><\/p>\n<p>&nbsp;<\/p>\n<p>Proteja seu Xiaomi Redmi 14C com estilo e seguran\u00e7a! Nossa capa fosca transl\u00facida combina eleg\u00e2ncia com prote\u00e7\u00e3o robusta. Fabricada em material duro, oferece excelente resist\u00eancia contra quedas e arranh\u00f5es. Al\u00e9m disso, conta com prote\u00e7\u00e3o extra para a c\u00e2mera, garantindo que suas lentes fiquem sempre seguras. Compat\u00edvel com o modelo 2024 (4G), \u00e9 a escolha ideal para quem busca qualidade e design moderno em um s\u00f3 produto.<\/p>\n","protected":false},"excerpt":{"rendered":"<p>Capa Transl\u00facida Fosca, Prote\u00e7\u00e3o de C\u00e2mera, Capa Dura Traseira, Compat\u00edvel com Modelos 4G &#8211; (2024)<\/p>\n","protected":false},"featured_media":1133,"comment_status":"open","ping_status":"closed","template":"","meta":{"site-sidebar-layout":"default","site-content-layout":"","ast-site-content-layout":"default","site-content-style":"default","site-sidebar-style":"default","ast-global-header-display":"","ast-banner-title-visibility":"","ast-main-header-display":"","ast-hfb-above-header-display":"","ast-hfb-below-header-display":"","ast-hfb-mobile-header-display":"","site-post-title":"","ast-breadcrumbs-content":"","ast-featured-img":"","footer-sml-layout":"","theme-transparent-header-meta":"default","adv-header-id-meta":"","stick-header-meta":"","header-above-stick-meta":"","header-main-stick-meta":"","header-below-stick-meta":"","astra-migrate-meta-layouts":"set","ast-page-background-enabled":"default","ast-page-background-meta":{"desktop":{"background-color":"var(--ast-global-color-4)","background-image":"","background-repeat":"repeat","background-position":"center center","background-size":"auto","background-attachment":"scroll","background-type":"","background-media":"","overlay-type":"","overlay-color":"","overlay-gradient":""},"tablet":{"background-color":"","background-image":"","background-repeat":"repeat","background-position":"center center","background-size":"auto","background-attachment":"scroll","background-type":"","background-media":"","overlay-type":"","overlay-color":"","overlay-gradient":""},"mobile":{"background-color":"","background-image":"","background-repeat":"repeat","background-position":"center center","background-size":"auto","background-attachment":"scroll","background-type":"","background-media":"","overlay-type":"","overlay-color":"","overlay-gradient":""}},"ast-content-background-meta":{"desktop":{"background-color":"var(--ast-global-color-5)","background-image":"","background-repeat":"repeat","background-position":"center center","background-size":"auto","background-attachment":"scroll","background-type":"","background-media":"","overlay-type":"","overlay-color":"","overlay-gradient":""},"tablet":{"background-color":"var(--ast-global-color-5)","background-image":"","background-repeat":"repeat","background-position":"center center","background-size":"auto","background-attachment":"scroll","background-type":"","background-media":"","overlay-type":"","overlay-color":"","overlay-gradient":""},"mobile":{"background-color":"var(--ast-global-color-5)","background-image":"","background-repeat":"repeat","background-position":"center center","background-size":"auto","background-attachment":"scroll","background-type":"","background-media":"","overlay-type":"","overlay-color":"","overlay-gradient":""}}},"product_brand":[],"product_cat":[29],"product_tag":[],"class_list":{"0":"post-1127","1":"product","2":"type-product","3":"status-publish","4":"has-post-thumbnail","6":"product_cat-telemoveis-e-smartphones","7":"desktop-align-left","8":"tablet-align-left","9":"mobile-align-left","11":"first","12":"instock","13":"sale","14":"taxable","15":"shipping-taxable","16":"purchasable","17":"product-type-simple"},"jetpack_sharing_enabled":true,"_links":{"self":[{"href":"https:\/\/mixsaldos.com\/index.php\/wp-json\/wp\/v2\/product\/1127"}],"collection":[{"href":"https:\/\/mixsaldos.com\/index.php\/wp-json\/wp\/v2\/product"}],"about":[{"href":"https:\/\/mixsaldos.com\/index.php\/wp-json\/wp\/v2\/types\/product"}],"replies":[{"embeddable":true,"href":"https:\/\/mixsaldos.com\/index.php\/wp-json\/wp\/v2\/comments?post=1127"}],"wp:featuredmedia":[{"embeddable":true,"href":"https:\/\/mixsaldos.com\/index.php\/wp-json\/wp\/v2\/media\/1133"}],"wp:attachment":[{"href":"https:\/\/mixsaldos.com\/index.php\/wp-json\/wp\/v2\/media?parent=1127"}],"wp:term":[{"taxonomy":"product_brand","embeddable":true,"href":"https:\/\/mixsaldos.com\/index.php\/wp-json\/wp\/v2\/product_brand?post=1127"},{"taxonomy":"product_cat","embeddable":true,"href":"https:\/\/mixsaldos.com\/index.php\/wp-json\/wp\/v2\/product_cat?post=1127"},{"taxonomy":"product_tag","embeddable":true,"href":"https:\/\/mixsaldos.com\/index.php\/wp-json\/wp\/v2\/product_tag?post=1127"}],"curies":[{"name":"wp","href":"https:\/\/api.w.org\/{rel}","templated":true}]}}